git of 52785481?
2
What is the ten thousands digit of 1450746408?
4
What is the hundreds digit of 73180215?
2
What is the ten millions digit of 35148639?
3
What is the tens digit of 185664283?
8
What is the hundreds digit of 90275379?
3
What is the tens digit of 1075211368?
6
What is the millions digit of 727271977?
7
What is the tens digit of 1110271169?
6
What is the ten thousands digit of 24749585?
4
What is the units digit of 10771590?
0
What is the hundred thousands digit of 95642617?
6
What is the thousands digit of 231604887?
4
What is the hundred thousands digit of 66255548?
2
What is the ten millions digit of 1979428721?
7
What is the ten thousands digit of 731993599?
9
What is the millions digit of 28547287?
8
What is the tens digit of 2466802754?
5
What is the ten millions digit of 4041691267?
4
What is the ten millions digit of 112518920?
1
What is the millions digit of 44161160?
4
What is the units digit of 97709445?
5
What is the millions digit of 151617785?
1
What is the hundred thousands digit of 169290603?
2
What is the hundred thousands digit of 1684905139?
9
What is the thousands digit of 1757467633?
7
What is the millions digit of 7960925?
7
What is the tens digit of 1777909748?
4
What is the hundreds digit of 58020843?
8
What is the hundred thousands digit of 5641538698?
5
What is the units digit of 348887154?
4
What is the hundreds digit of 374617758?
7
What is the millions digit of 2597854032?
7
What is the thousands digit of 69860250?
0
What is the tens digit of 4132514014?
1
What is the ten millions digit of 567436704?
6
What is the hundreds digit of 139708706?
7
What is the millions digit of 5077329978?
7
What is the ten thousands digit of 4958878?
5
What is the ten thousands digit of 528862567?
6
What is the millions digit of 268029133?
8
What is the hundred thousands digit of 170222?
1
What is the millions digit of 393615756?
3
What is the units digit of 283376118?
8
What is the millions digit of 229141580?
9
What is the units digit of 1058476692?
2
What is the ten millions digit of 1435860955?
3
What is the hundreds digit of 25741471?
4
What is the tens digit of 84192480?
8
What is the hundred millions digit of 4969167194?
9
What is the tens digit of 579908213?
1
What is the hundreds digit of 48249006?
0
What is the millions digit of 197581238?
7
What is the millions digit of 1306967247?
6
What is the hundreds digit of 102435933?
9
What is the ten millions digit of 99181442?
9
What is the units digit of 229445226?
6
What is the millions digit of 6039314737?
9
What is the hundred thousands digit of 45419946?
4
What is the hundred thousands digit of 72092125?
0
What is the hundred millions digit of 6877794568?
8
What is the hundred millions digit of 4420893408?
4
What is the tens digit of 5461347796?
9
What is the hundreds digit of 273554922?
9
What is the millions digit of 979757512?
9
What is the ten millions digit of 813456618?
1
What is the ten thousands digit of 151298108?
9
What is the millions digit of 55259277?
5
What is the hundreds digit of 2181044891?
8
What is the thousands digit of 1860120302?
0
What is the ten millions digit of 3185139600?
8
What is the units digit of 7717804933?
3
What is the units digit of 388679637?
7
What is the hundred thousands digit of 6814322?
8
What is the ten thousands digit of 3147048127?
4
What is the ten thousands digit of 74249859?
4
What is the units digit of 3330220730?
0
What is the units digit of 109674011?
1
What is the ten millions digit of 81944004?
8
What is the thousands digit of 137874505?
4
What is the hundreds digit of 72375292?
2
What is the hundred thousands digit of 2232482544?
4
What is the units digit of 24792059?
9
What is the ten thousands digit of 2139304981?
0
What is the tens digit of 8101814932?
3
What is the millions digit of 586560639?
6
What is the hundred millions digit of 4345422914?
3
What is the ten thousands digit of 2206023728?
2
What is the thousands digit of 469142066?
2
What is the thousands digit of 616710056?
0
What is the tens digit of 893956872?
7
What is the units digit of 37181229?
9
What is the tens digit of 41831423?
2
What is the hundred thousands digit of 75581673?
5
What is the millions digit of 86185593?
6
What is the ten millions digit of 327235531?
2
What is the thousands digit of 8128170?
8
What is the hundred thousands digit of 33222601?
2
What is the millions digit of 1213359639?
3
What is the hundreds digit of 57216014?
0
What is the hundreds digit of 78963692?
6
What is the hundreds digit of 334144861?
8
What is the units digit of 1894813211?
1
What is the hundred thousands digit of 1729289377?
2
What is the ten thousands digit of 5952047?
5
What is the millions digit of 419743039?
9
What is the tens digit of 219171054?
5
What is the hundred thousands digit of 30591782?
5
What is the thousands digit of 2146366671?
6
What is the units digit of 434251234?
4
What is the hundreds digit of 145150833?
8
What is the thousands digit of 839019775?
9
What is the thousands digit of 54755901?
5
What is the thousands digit of 1340155685?
5
What is the ten millions digit of 496322438?
9
What is the hundreds digit of 3690850920?
9
What is the thousands digit of 159060586?
0
What is the thousands digit of 133483561?
3
What is the ten millions digit of 627006976?
2
What is the hundreds digit of 41865511?
5
What is the tens digit of 172004036?
3
What is the millions digit of 5434756186?
4
What is the units digit of 46635097?
7
What is the tens digit of 973200129?
2
What is the tens digit of 1024933488?
8
What is the ten thousands digit of 416817522?
1
What is the units digit of 13937703?
3
What is the hundred millions digit of 360330374?
3
What is the hundreds digit of 108387961?
9
What is the units digit of 37244802?
2
What is the thousands digit of 631749424?
9
What is the millions digit of 127570601?
7
What is the thousands digit of 4397142787?
2
What is the hundred thousands digit of 166705493?
7
What is the millions digit of 20311637?
0
What is the ten thousands digit of 29873876?
7
What is the ten thousands digit of 1320754124?
5
What is the units digit of 136119826?
6
What is the thousands digit of 637226789?
6
What is the ten millions digit of 76129126?
7
What is the thousands digit of 27784220?
4
What is the hundreds digit of 30535970?
9
What is the units digit of 4600689226?
6
What is the thousands digit of 47960642?
0
What is the thousands digit of 78163804?
3
What is the millions digit of 70154094?
0
What is the ten thousands digit of 288541127?
4
What is the millions digit of 1033155530?
3
What is the ten millions digit of 85597990?
8
What is the millions digit of 21187702?
1
What is the hundred thousands digit of 13371923?
3
What is the hundred thousands digit of 20776950?
7
What is the hundreds digit of 188169172?
1
What is the tens digit of 713405255?
5
What is the ten thousands digit of 136750326?
5
What is the ten millions digit of 72206026?
7
What is the hundreds digit of 277255197?
1
What is the hundreds digit of 1443318494?
4
What is the hundreds digit of 1137599849?
8
What is the ten millions digit of 60832132?
6
What is the millions digit of 382376788?
2
What is the hundreds digit of 143931401?
4
What is the ten millions digit of 566844649?
6
What is the hundred millions digit of 1003235223?
0
What is the hundred millions digit of 4242995897?
2
What is the ten millions digit of 67203101?
6
What is the tens digit of 14307594?
9
What is the ten thousands digit of 16301830?
0
What is the units digit of 57638248?
8
What is the ten millions digit of 25534311?
2
What is the hundreds digit of 90605722?
7
What is the millions digit of 755195041?
5
What is the hundred millions digit of 208944107?
2
What is the thousands digit of 351410510?
0
What is the units digit of 2582736716?
6
What is the ten millions digit of 49535323?
4
What is the hundreds digit of 71732337?
3
What is the hundred millions digit of 309233164?
3
What is the ten millions digit of 35843577?
3
What is the hundreds digit of 105393514?
5
What is the millions digit of 264909564?
4
What is the units digit of 2257183688?
8
What is the thousands digit of 1296910?
6
What is the millions digit of 640642772?
0
What is the ten millions digit of 2516515537?
1
